5550
In base 14, what is 10 - 12494?
-12484
In base 8, what is 2044 + -4100441?
-4076375
In base 9, what is -26 - 1241634?
-1241661
In base 10, what is -18530751 + 4?
-18530747
In base 8, what is -10763765 + -33?
-10764020
In base 14, what is 1 + -207a02?
-207a01
In base 2, what is 1100101011011 - -1111000011?
1110100011110
In base 3, what is 2222210011112011 - 12?
2222210011111222
In base 6, what is -33531411 - 1024?
-33532435
In base 6, what is 201221002250 - -2?
201221002252
In base 15, what is -1578 + 149c3?
1344a
In base 2, what is -10101011 - -101100000001000110?
101011111110011011
In base 5, what is 10 - -2114340?
2114400
In base 12, what is 5 - 377b1b?
-377b16
In base 16, what is -d11c - -2993?
-a789
In base 6, what is 4435003 - -22?
4435025
In base 4, what is 2213300201002 + -12?
2213300200330
In base 14, what is -746c + c7c0?
5352
In base 5, what is 12112313 - 30?
12112233
In base 15, what is -11b107b + c?
-11b106e
In base 12, what is -7877b6 + 221?
-787595
In base 4, what is 2203121333213 - -10?
2203121333223
In base 15, what is -64 + -7334?
-7398
In base 10, what is 7258 - 1208?
6050
In base 14, what is 184858d + -3?
184858a
In base 7, what is 5 - 2052663?
-2052655
In base 12, what is 5 - -3ab8ab?
3ab8b4
In base 15, what is 216 - eccc?
-eab6
In base 7, what is -61260454 + -24?
-61260511
In base 10, what is -3 + -164883438?
-164883441
In base 12, what is 0 - 168a48b3?
-168a48b3
In base 13, what is -5 + 71b812c?
71b8127
In base 3, what is 10201100 + -10001022?
200001
In base 7, what is 10 - -221236014?
221236024
In base 9, what is -23546 + -41?
-23587
In base 15, what is -c - d6a862?
-d6a86e
In base 10, what is -3356 - -365?
-2991
In base 5, what is 220403131 + 1121?
220404302
In base 9, what is -447 - 53?
-511
In base 3, what is 22220 - -11021002110101?
11021002210021
In base 3, what is -12022 + -22101202220?
-22101222012
In base 14, what is 91d64db - 2?
91d64d9
In base 5, what is -11343 + -21411004?
-21422402
In base 16, what is 132f0 + 6?
132f6
In base 16, what is afb0 - -d13?
bcc3
In base 16, what is -51 + 6c68?
6c17
In base 4, what is -322222231 - 2?
-322222233
In base 7, what is 311356 + 2242?
313631
In base 15, what is ca3e8 - -25?
ca41d
In base 2, what is 101011001100 + -101100110111?
-1101011
In base 13, what is -1982a - 34?
-19861
In base 8, what is 1670 + 2220?
4110
In base 10, what is 7245830 + 5?
7245835
In base 2, what is -11 + 11010000101110010100011?
11010000101110010100000
In base 12, what is 120 + 6b8b7?
6ba17
In base 16, what is 747e + 1e8?
7666
In base 5, what is 110 - 143103344?
-143103234
In base 12, what is -15 - 3a8066?
-3a807b
In base 6, what is -3 + 23331511?
23331504
In base 14, what is 9a3 - -88d?
1452
In base 8, what is -1210 + -27716?
-31126
In base 4, what is 30120 - 223202221?
-223112101
In base 2, what is -111 + 11111010010100101010100010?
11111010010100101010011011
In base 14, what is -1 - -295c58cb?
295c58ca
In base 4, what is -1311020120 + 10102?
-1311010012
In base 2, what is -10001101001011100000001 + 1101?
-10001101001011011110100
In base 3, what is 11202211012210 - 2?
11202211012201
In base 16, what is -24f0f - -74?
-24e9b
In base 15, what is -6 + 202a302?
202a2eb
In base 7, what is 413 + -132043?
-131330
In base 8, what is 376157 + 300?
376457
In base 13, what is -c119a + 50?
-c114a
In base 2, what is -1011011110111 + 10001111010?
-1001001111101
In base 14, what is d - -3ba850?
3ba85d
In base 11, what is 2 - -1aaa237?
1aaa239
In base 11, what is 4 + -a435545?
-a435541
In base 10, what is -139 + -9314588?
-9314727
In base 13, what is -4859 - -2b08?
-1a51
In base 16, what is -1a18fa + 2f?
-1a18cb
In base 11, what is 3 + 2643397?
264339a
In base 8, what is -63237 - 1561?
-65020
In base 4, what is 102002 + -31122?
10220
In base 9, what is -226621218 + -1?
-226621220
In base 2, what is -10010 + 101100110000001101000110?
101100110000001100110100
In base 4, what is 3213310003 + -1102?
3213302301
In base 10, what is -4442228 + -4?
-4442232
In base 13, what is 97947 - 1?
97946
In base 7, what is 30 - -3316233?
3316263
In base 10, what is -261725 - 249?
-261974
In base 2, what is 11110101100110111 + 1000110000110?
11111110010111101
In base 10, what is 166 + 12782?
12948
In base 11, what is -68 + -4891408?
-4891475
In base 2, what is -100010010 + 111001101110111111?
111001101010101101
In base 11, what is -1a53882 + 4?
-1a53879
In base 5, what is -3303320444 - -12?
-3303320432
In base 12, what is 2 - 1187a87?
-1187a85
In base 12, what is 6 + -19063037?
-19063031
In base 11, what is 7369aa - 1?
7369a9
In base 9, what is 31 - 5746?
-5715
In base 4, what is 3322 - -2312101012?
2312111000
In base 2, what is 111110 + -1110001100110110?
-1110001011111000
In base 11, what is 4677165 + 0?
4677165
In base 5, what is -1014 - 2304103?
-2310122
In base 14, what is -c - 2d72549?
-2d72557
In base 8, what is 4 - 302261772?
-302261766
In base 14, what is -1d0d - 8dcd?
-acdc
In base 13, what is b57 + 1652?
24a9
In base 11, what is -9015 - 109?
-9123
In base 13, what is -b28 - -13a4?
579
In base 8, what is -555474701 + -5?
-555474706
In base 4, what is -11021020 - 1131313?
-12212333
In base 6, what is -111402 - 2230032?
-2341434
In base 10, what is -5151454 - -48?
-5151406
In base 2, what is -1000100000 - 100110001111000?
-100111010011000
In base 16, what is 18ca7 - 40?
18c67
In base 6, what is -22354150351 - -5?
-22354150342
In base 7, what is -215 - 50052?
-50300
In base 9, what is -3262147 + -624?
-3262772
In base 14, what is 11 + -4cad9?
-4cac8
In base 9, what is -2 + 15104186?
15104184
In base 3, what is -11021101 - 112011000?
-200102101
In base 8, what is -5 + 11571634?
11571627
In base 11, what is -708 - -8714?
8007
In base 12, what is -4ab1 + 75?
-4a38
In base 11, what is -144 - -123921?
123788
In base 3, what is 0 + 101022220101000112?
101022220101000112
In base 16, what is -2 + -9631feb?
-9631fed
In base 5, what is 2 + -323413330220?
-323413330213
In base 2, what is 100111011110100 - 10001010110100?
10110001000000
In base 6, what is 1031 + -1014?
13
In base 10, what is 7 - -76686238?
76686245
In base 10, what is 398 - -205?
603
In base 4, what is 10 + -302020122032?
-302020122022
In base 14, what is 27d07 + 7b0?
286b7
In base 13, what is 144867 + 1b?
144885
In base 2, what is 1000011110111100110001010100 - -1?
1000011110111100110001010101
In base 7, what is -206032053 + 26?
-206032024
In base 12, what is -3 - -5b1a2a5?
5b1a2a2
In base 15, what is -1ee4edd - 3?
-1ee4ee1
In base 9, what is 1475 - 7313?
-5727
In base 12, what is 984b + -722?
9129
In base 7, what is 4 - -452321065?
452321102
In base 2, what is 10001000001 + -10100000111110?
-10001111111101
In base 16, what is -121 - bb8f?
-bcb0
In base 4, what is 232010212003131 + -2?
232010212003123
In base 6, what is -253451505 - -15?
-253451450
In base 2, what is -10001100 - 1101100110101001?
-1101101000110101
In base 14, what is -26 + -14a214?
-14a23a
In base 9, what is -3115548 + 3?
-3115545
In base 12, what is -a70 + -b819?
-10689
In base 10, what is -2 - -50666275?
50666273
In base 10, what is -407776 - -668?
-407108
In base 11, what is 93655807 + -4?
93655803
In base 6, what is -110155 + 341?
-105414
In base 6, what is -1 - 555400022?
-555400023
In base 12, what is -1438860 - 4?
-1438864
In base 2, what is -1000111010 - 1001111010111001101?
-1001111100000000111
In base 11, what is 3 - 5864896?
-5864893
In base 2, what is -11 + 10000110000011000000101111001?
10000110000011000000101110110
In base 12, what is -36a21 - -35b?
-36682
In base 4, what is 1123212322 + -331303?
1122221013
In base 7, what is -43013252 - 1?
-43013253
In base 16, what is 179994 - -5?
179999
In base 3, what is 2221001 + 2122110012?
2202101020
In base 2, what is 10001110001010 + -10111100?
10001011001110
In base 10, what is -13 - -5548683?
5548670
In base 2, what is -101 - -1010100111011100000111?
1010100111011100000010
In base 9, what is 67 - -3123425?
3123503
In base 11, what is -189 - 389540?
-389719
In base 11, what is -123a84 + 1269?
-122816
In base 11, what is 26225 - 726?
255aa
In base 13, what is -15c22 - b6?
-16008
In base 10, what is -201332 + 143?
-201189
In base 15, what is -80c9c21 - 2?
-80c9c23
In base 15, what is 2071 + 42b?
249c
In base 10, what is -63653604 - 4?
-63653